6*o - 4388 = -4*i + 2*o. Calculate the remainder when i is divided by 22.
19
Let i(n) = -n**2 + 12*n + 23. Let b be (-6)/4*20/(-15). Suppose 13 = b*o - 11. Calculate the remainder when 89 is divided by i(o).
20
Calculate the remainder when 2993 is divided by ((-25)/(-25))/(1/81).
77
Let o be (-2030)/18 + (50/45)/(-5). Let l = o - -129. Let h(p) = p + 8. Calculate the remainder when h(l) is divided by 14.
10
Suppose -p + 4*p - 3*h = 21, -2*p + 5 = -5*h. Suppose 0*n - 54 = -2*n. Suppose n + 7 = u. What is the remainder when u is divided by p?
4
Suppose 28905 = 608*u - 485*u. Suppose 2*w = 6*w + 5*h - 76, 16 = 4*h. Calculate the remainder when u is divided by w.
11
Suppose -20*c + 284 = -536. What is the remainder when 351 is divided by c?
23
Suppose 0 = -7*f + 17*f - 30. Calculate the remainder when 94 is divided by -24 - -17 - (-144)/f.
12
Suppose -t - 8 = -32. Let r = t + -22. What is the remainder when 7 is divided by 4 - 2 - (-4 - -3)*r?
3
Let g = 131 - 82. Suppose 3*z - 15 = -z + q, -z + 20 = 3*q. Suppose -z*h - 2*w - w = -73, 2*h - 5*w - 54 = 0. Calculate the remainder when g is divided by h.
15
Calculate the remainder when (-4)/(0 + (-22)/891) is divided by 76.
10
Let f = 13181 + -13152. What is the remainder when 458 is divided by f?
23
Let o(t) = 1456*t - 120. Calculate the remainder when o(2) is divided by 924.
20
Let w = -44 - -69. Let k = 41 - w. What is the remainder when 125 is divided by k - 8/((-12)/3)?
17
Let a = 192 - 324. Let k = 147 + a. Calculate the remainder when 43 is divided by k.
13
Calculate the remainder when (16 - 6)*(27420/150)/((-4)/(-10)) is divided by 127.
125
Let u(o) = -4*o**2 - 41*o + 299. Suppose p + 29 = 4*f, -95 = 4*p - f + 6*f. Let w = p - -43. Calculate the remainder when u(4) is divided by w.
17
Suppose 211*b - 2331 = 148*b. What is the remainder when b is divided by 32?
5
Let f(y) = 14*y + 48. Let p(q) = q + 13. What is the remainder when f(1) is divided by p(3)?
14
Let t(x) be the first derivative of x**4/4 + x**3/3 + x**2/2 - 9*x + 82. Suppose 0*c = 2*c - 6. Calculate the remainder when 53 is divided by t(c).
23
Let x(z) = -z**3 + 11*z**2 + z + 13. Calculate the remainder when 2087 is divided by x(11).
23
Let b(v) = -v**3 - 8*v**2 + 7*v - 11. Let u be b(-9). Calculate the remainder when ((-7)/4)/(u/(-196)) is divided by (-80)/200 - (-67)/5.
10
Let p = 281 - 298. What is the remainder when 91 is divided by 18 + (p + 5)/6?
11
Let o = 55 + -54. Let k(f) = -f**2 - 3*f + 2. Let p be k(o). What is the remainder when -13*1/(2*p/4) is divided by 5?
3
Let p = 3 + 3. Let x(y) = 9*y**2 - 154*y - 39. Let t be x(18). Calculate the remainder when 60 is divided by p*7/(t/40).
12
Let l = 44 - 2. Suppose -4*w + 22 = -l. Calculate the remainder when 27 is divided by w.
11
Let y(a) = 48*a + 8927. What is the remainder when 5180 is divided by y(-159)?
0
Let b = 63 - 29. Suppose -58*j - 1300 = -68*j. What is the remainder when j is divided by b?
28
Let f = 4929 + -4906. Let u(w) = -5*w**2 + w. Let q be u(1). Calculate the remainder when 3 - ((-3 - q) + -110) is divided by f.
20
Let v(d) = 20*d + 10. Let f be v(6). Let q = -101 + f. Suppose -4*t = w - 8, -5*t = -3*w + w + q. What is the remainder when 47 is divided by w?
11
Let t = -17 - -46. What is the remainder when 2462 is divided by t?
26
Let f = 115 - 136. Let o(y) = 2*y**2 + 40*y - 25. Calculate the remainder when 82 is divided by o(f).
14
Suppose 0 = i - 4*h + 126, 5*i + 344 + 308 = -2*h. Let k = -851 - -896. Calculate the remainder when 4*3/4 - i is divided by k.
43
What is the remainder when 1342 is divided by 3/(-2)*(73370/15)/(-11)?
8
Let c = 487 + -269. Suppose 4*s - 23 = -8*k + 65, 2*s - 44 = 5*k. What is the remainder when c is divided by s?
20
Suppose -4*o + 0*v + 12 = -v, -o + 2*v = -10. Let z(r) = 6 - 3*r**o + 4*r**2 + 3*r - 4. What is the remainder when 4 is divided by z(-3)?
0
Let f(o) = 129*o - 53. What is the remainder when f(4) is divided by 234?
229
Suppose -12*o - 21*o + 759 = 0. Calculate the remainder when 429/6 + 3/(-2) is divided by o.
1
Suppose -3*j + 279 = -4*a, -132 - 147 = -3*j - a. Calculate the remainder when 261 is divided by j.
75
Let r = 68801 - 68763. Let h = 12 + 2. What is the remainder when r is divided by h?
10
Let s = 124 - 360. Let a = s - -289. Suppose 3*w = -5*v + 2*w + 74, -44 = -2*v - 4*w. Calculate the remainder when a is divided by v.
11
What is the remainder when 712 is divided by (-2)/28 + (-3011880)/(-10640)?
146
Let c(j) = 76*j - 2175. What is the remainder when c(46) is divided by 27?
25
Let i(s) = -17*s + 461. What is the remainder when i(-8) is divided by 101?
92
Let x(f) = -32*f - 164. Let a be x(-7). What is the remainder when 9172/a + -4 + (-310)/(-75) is divided by 26?
23
Let s(z) = 6*z**2 - 2*z - 18. Calculate the remainder when 4400 is divided by s(-5).
140
Let h = 6 - 4. Suppose 45*n = 27*n. Suppose 3*a + h*a - 350 = n. What is the remainder when a is divided by 8?
6
Suppose 4*s - 2*s = 5*b - 94, 6*b = 12. Suppose 2*h = -5*g - 257, -3*g + 4*h = h + 150. Let w = s - g. What is the remainder when 26 is divided by w?
8
Suppose -4*l + 7 = s - 8, 3*l + s - 11 = 0. Suppose -5*p = l*z + 25, -2*z + 33 = -4*p - 13. What is the remainder when 39 is divided by 18/15*(-75)/p?
9
Suppose 0 = -71*g + 74*g + 2*b - 425, 2*g - 283 = -b. Let d = 69 + -28. What is the remainder when g is divided by d?
18
Suppose -116843 - 48182 = -23*d. Suppose -50*z + 1275 = -d. Let f = -29 - -48. What is the remainder when z is divided by f?
17
Suppose -1447 = -39*g + 3194. What is the remainder when 232 is divided by g?
113
Suppose -5*a - 2*y + 675 = 0, 0*a + 5*a + y = 675. Calculate the remainder when 43 is divided by 2349/a - 6/(-10) - -3.
1
Calculate the remainder when (2 + 18851 - 31)/(3 + -1) is divided by 26.
25
Let x be (-1)/(2/10) + 2. Let o be (7/(-2))/(483/(-828)). Calculate the remainder when 82 is divided by 3 - o - 72/x.
19
Let f(j) = -7*j + 124. Suppose 2*q - 7*g + 9*g = 26, -2*g + 6 = 0. What is the remainder when 160 is divided by f(q)?
52
Suppose c - 10 + 9 = 4*b, c - 5*b + 1 = 0. Let v = -184 - -308. Calculate the remainder when v is divided by c.
7
Suppose 132 = -3*g - 3*y, 0*g - 2*y + 200 = -4*g. Let k(h) = -h**3 + 10*h**2 - 9*h - 10. What is the remainder when k(7) is divided by 53/3 + g/(-36)?
17
Let w be (-5185)/30 - (11/(-6) - -2). Let y = w + 408. What is the remainder when y is divided by 48?
43
Suppose 176*k = 7533 - 669. Calculate the remainder when 91 is divided by k.
13
What is the remainder when (-26)/(-15)*5*948/(-16)*-6 is divided by 1027?
0
Suppose 0 = 10053*n - 10100*n + 9729. Calculate the remainder when 788 is divided by n.
167
Let c = 70 + -62. Suppose c*x + 1 = 137. What is the remainder when 40 is divided by x?
6
Let c = -26119 + 26902. Calculate the remainder when c is divided by 62.
39
Let l be 15/(-20) + 4 + (-870)/(-8). Let b = -95 + l. What is the remainder when 49 is divided by b?
15
Let v = 13146 + -12871. What is the remainder when v is divided by 98?
79
Suppose 6*p + 7455 - 8553 = 0. Let c = 145 - 99. Calculate the remainder when p is divided by c.
45
What is the remainder when 551 is divided by (-1*1)/(6435/(-338) - -19)?
5
What is the remainder when 3699 is divided by (-32)/240 - 3760/(-75)?
49
Let f(b) = -11*b + 10*b**2 + 2 - 37*b**3 + 18*b**3 + 2 + 1 + 18*b**3. Calculate the remainder when (-1)/(2/(-342 - 0)) is divided by f(3).
31
What is the remainder when -3*13512/72*(-2)/2 is divided by 41?
30
Suppose -5*w - 353 = -2*d, -4*d + 2*w - 7*w + 661 = 0. Suppose 137 + d = 3*f. Let t = f + -15. What is the remainder when t is divided by 10?
7
Let s(i) = -92*i + 30. Let p be s(2). What is the remainder when p/(-1) - (-8 - -5) is divided by (-1 + -23)*10/(-6)?
37
Suppose -390 = 3604*t - 3539*t. Let a(b) = 16*b - 5. Let u(w) = 65*w - 21. Let x(f) = -9*a(f) + 2*u(f). Calculate the remainder when x(t) is divided by 18.
15
Suppose -5*v + v + l + 289 = 0, 2*l = -3*v + 214. Calculate the remainder when 884 is divided by v.
20
Suppose 0*s = -4*j - 4*s + 20, 75 = 5*j - 5*s. Suppose -2*z = -j, 1 = 5*i - 4*z - 139. Calculate the remainder when 45 is divided by i.
13
What is the remainder when (-1)/(56/(-13136)) + 21/49 is divided by 12?
7
Calculate the remainder when 137 is divided by ((-6408)/(-24)*(